7?
1
What is the hundreds digit of 38513?
5
What is the tens digit of 15383?
8
What is the tens digit of 17586?
8
What is the tens digit of 35665?
6
What is the tens digit of 844?
4
What is the units digit of 25096?
6
What is the tens digit of 3280?
8
What is the thousands digit of 2699?
2
What is the tens digit of 2152?
5
What is the hundreds digit of 428?
4
What is the units digit of 10547?
7
What is the thousands digit of 6477?
6
What is the ten thousands digit of 31831?
3
What is the thousands digit of 1201?
1
What is the thousands digit of 17251?
7
What is the tens digit of 765?
6
What is the ten thousands digit of 50861?
5
What is the tens digit of 99677?
7
What is the units digit of 4?
4
What is the units digit of 1042?
2
What is the units digit of 62305?
5
What is the hundreds digit of 667?
6
What is the thousands digit of 4185?
4
What is the units digit of 957?
7
What is the units digit of 47?
7
What is the units digit of 655?
5
What is the hundreds digit of 23713?
7
What is the tens digit of 36635?
3
What is the hundreds digit of 497?
4
What is the tens digit of 5883?
8
What is the ten thousands digit of 29073?
2
What is the hundreds digit of 271?
2
What is the thousands digit of 48262?
8
What is the thousands digit of 93834?
3
What is the hundreds digit of 6574?
5
What is the tens digit of 3107?
0
What is the units digit of 927?
7
What is the units digit of 16613?
3
What is the units digit of 38801?
1
What is the thousands digit of 23987?
3
What is the units digit of 703?
3
What is the units digit of 1751?
1
What is the units digit of 24206?
6
What is the units digit of 7130?
0
What is the thousands digit of 28373?
8
What is the hundreds digit of 600?
6
What is the tens digit of 894?
9
What is the thousands digit of 2282?
2
What is the tens digit of 59070?
7
What is the thousands digit of 5517?
5
What is the units digit of 24643?
3
What is the thousands digit of 105517?
5
What is the thousands digit of 2469?
2
What is the units digit of 28517?
7
What is the units digit of 38235?
5
What is the thousands digit of 15280?
5
What is the hundreds digit of 4941?
9
What is the units digit of 838?
8
What is the hundreds digit of 236?
2
What is the hundreds digit of 726?
7
What is the ten thousands digit of 41579?
4
What is the hundreds digit of 32406?
4
What is the hundreds digit of 105736?
7
What is the tens digit of 25260?
6
What is the units digit of 127?
7
What is the units digit of 10288?
8
What is the thousands digit of 2115?
2
What is the tens digit of 3328?
2
What is the units digit of 195?
5
What is the tens digit of 349?
4
What is the units digit of 6936?
6
What is the thousands digit of 5718?
5
What is the tens digit of 2147?
4
What is the thousands digit of 21716?
1
What is the units digit of 4557?
7
What is the tens digit of 10844?
4
What is the thousands digit of 2127?
2
What is the tens digit of 8866?
6
What is the hundreds digit of 1470?
4
What is the ten thousands digit of 10620?
1
What is the tens digit of 8530?
3
What is the units digit of 50?
0
What is the tens digit of 5855?
5
What is the tens digit of 741?
4
What is the thousands digit of 8366?
8
What is the hundred thousands digit of 110788?
1
What is the units digit of 3052?
2
What is the thousands digit of 96095?
6
What is the units digit of 1537?
7
What is the hundreds digit of 75570?
5
What is the units digit of 13004?
4
What is the units digit of 184?
4
What is the thousands digit of 31243?
1
What is the ten thousands digit of 27665?
2
What is the thousands digit of 7427?
7
What is the tens digit of 14809?
0
What is the tens digit of 2397?
9
What is the thousands digit of 5575?
5
What is the thousands digit of 2820?
2
What is the tens digit of 661?
6
What is the units digit of 72?
2
What is the ten thousands digit of 17278?
1
What is the thousands digit of 1287?
1
What is the hundreds digit of 8184?
1
What is the hundreds digit of 1168?
1
What is the units digit of 11520?
0
What is the units digit of 18196?
6
What is the units digit of 1380?
0
What is the hundreds digit of 63903?
9
What is the tens digit of 4617?
1
What is the tens digit of 824?
2
What is the thousands digit of 2337?
2
What is the thousands digit of 5884?
5
What is the thousands digit of 130040?
0
What is the tens digit of 2258?
5
What is the tens digit of 18828?
2
What is the tens digit of 563?
6
What is the hundreds digit of 110160?
1
What is the hundreds digit of 802?
8
What is the units digit of 11139?
9
What is the tens digit of 356?
5
What is the thousands digit of 6934?
6
What is the tens digit of 15202?
0
What is the hundreds digit of 7862?
8
What is the hundreds digit of 109?
1
What is the units digit of 6?
6
What is the tens digit of 24341?
4
What is the units digit of 24980?
0
What is the units digit of 16641?
1
What is the units digit of 2119?
9
What is the units digit of 46?
6
What is the tens digit of 26644?
4
What is the tens digit of 395?
9
What is the hundreds digit of 25228?
2
What is the units digit of 701?
1
What is the thousands digit of 3231?
3
What is the tens digit of 4834?
3
What is the tens digit of 1844?
4
What is the thousands digit of 2211?
2
What is the units digit of 786?
6
What is the tens digit of 2681?
8
What is the units digit of 938?
8
What is the tens digit of 1093?
9
What is the ten thousands digit of 133944?
3
What is the units digit of 129?
9
What is the units digit of 174?
4
What is the ten thousands digit of 28756?
2
What is the tens digit of 3161?
6
What is the units digit of 2751?
1
What is the units digit of 137?
7
What is the thousands digit of 1284?
1
What is the tens digit of 135569?
6
What is the thousands digit of 1264?
1
What is the hundreds digit of 10786?
7
What is the thousands digit of 15555?
5
What is the tens digit of 8711?
1
What is the thousands digit of 8602?
8
What is the units digit of 834?
4
What is the hundreds digit of 1463?
4
What is the tens digit of 33145?
4
What is the tens digit of 6145?
4
What is the tens digit of 2243?
4
What is the hundreds digit of 5385?
3
What is the tens digit of 128750?
5
What is the thousands digit of 28708?
8
What is the ten thousands digit of 61887?
6
What is the tens digit of 6290?
9
What is the hundreds digit of 2194?
1
What is the tens digit of 3443?
4
What is the tens digit of 1036?
3
What is the thousands digit of 1400?
1
What is the thousands digit of 6791?
6
What is the tens digit of 62833?
3
What is the hundreds digit of 2246?
2
What is the tens digit of 13476?
7
What is the hundreds digit of 210?
2
What is the tens digit of 74?
7
What is the hundreds digit of 699?
6
What is the tens digit of 292?
9
What is the thousands digit of 20567?
0
What is the tens digit of 233?
3
What is the units digit of 1446?
6
What is the tens digit of 2405?
0
What is the thousands digit of 7558?
7
What is the thousands digit of 1737?
1
What is the tens digit of 969?
6
What is the units digit of 2348?
8
What is the tens digit of 100816?
1
What is the tens digit of 4511?
1
What is the tens digit of 4308?
0
What is the hundreds digit of 46839?
8
What is the hundreds digit of 1482?
4
What is the units digit of 98754?
4
What is the units digit of 822?
2
What is the units digit of 518?
8
What is the units digit of 448?
8
What is the tens digit of 3422?
2
What is the hundreds digit of 1385?
3
What is the units digit of 400?
0
What is the hundreds digit of 31098?
0
What is the units digit of 6357?
7
What is the units digit of 977?
7
What is the thousands digit of 1655?
1
What is the tens digit of 3961?
6
What is the tens digit of 1322?
2
What is the hundreds digit of 41990?
9
What is the units digit of 1744?
4
What is the tens digit of 3010?
1
What is the thousands digit of 2925?
2
What is the tens digit of 668?
6
What is the units digit of 295?
5
What is the thousands digit of 1451?
1
What is the thousands digit of 2374?
2
What is the hundreds digit of 12841?
8
What is the units digit of 104709?
9
What is the thousands digit of 26931?
6
What is the thousands digit of 18572?
8
What is the thousands digit of 1624?
1
What is the units digit of 20913?
3
What is the ten thousands digit of 68477?
6
What is the units digit of 44572?
2
What is the hundreds digit of 18857?
8
What is the hundreds digit of 7305?
3
What is the h